er?
False
Suppose 4*t - 17 = -3*b, 3*b - 7*b + 20 = 4*t. Suppose 0*x = -b*x. Suppose -5*a + 543 - 108 = x. Is a composite?
True
Let x = 137 - -174. Suppose 2*a - 3*q + 442 = -4*q, 0 = 4*a - q + 878. Let d = x + a. Is d composite?
True
Let t = 6 + -4. Suppose -5*m + 0*m + 3*x = -263, -4*m + t*x + 212 = 0. Is m prime?
False
Let d(i) = 4*i**2 - 11*i - 5. Let v be d(-7). Suppose -64 = 4*p - v. Is p prime?
False
Suppose 22*r = 21*r + 211. Is r a prime number?
True
Let l(t) = -t**3 + 6*t**2 + 8*t - 5. Let z be l(7). Let y(o) = 4*o**3 + 3*o - 3. Let j be y(z). Suppose x = -0*x + j. Is x a composite number?
True
Suppose 5*c = -24 - 6. Let b be (-290)/c*12/4. Suppose -380 = -5*k - i, 4*k - 458 = i - b. Is k a composite number?
True
Let u(w) = -3*w + 53. Is u(0) prime?
True
Let z be (-30)/(-9) + (-2)/(-3). Suppose -9 - 7 = -z*u - 4*p, -5*p = -2*u - 6. Suppose 0 = 5*x - 2*o - 105, 7*o + 90 = 5*x + u*o. Is x a prime number?
True
Let b(f) = 4*f**2 - 2*f - 7. Is b(-8) a composite number?
True
Suppose 3*y - 2569 = 2498. Is y a prime number?
False
Let r be 4 + -2 + (-2)/(-1). Let f be -13*1*(-19 + r). Suppose -4*w = -5*y - 46 + 237, -f = -5*y + 5*w. Is y a prime number?
False
Let a be (-65)/(-25) + (-4)/(-10). Suppose 0 = -p - a + 34. Is p composite?
False
Let g(v) = -v**2 + 6*v + 7. Let z be g(6). Suppose 5*d + 236 = z*d. Suppose 3*q = q + d. Is q a composite number?
False
Suppose 9 = -m - 3*r, -2*m + r = -3*r + 48. Let b = m - -37. Is b a composite number?
False
Let a be (-2899)/(-13)*(-2)/(-2). Let x = 118 + a. Is x composite?
True
Let l be (-8)/((-2)/103*1). Suppose 0 = 2*d - 5*k - l, -574 + 150 = -2*d - k. Is d prime?
True
Suppose -7 = 2*j - 3. Is j - (1 - 22) - -2 a composite number?
True
Suppose 9*q - 120 = 5*q. Let f = -55 + q. Let m = f + 48. Is m a composite number?
False
Suppose 32 + 31 = 4*u + b, 5*u - 3*b - 66 = 0. Suppose -2*t + 4*p = -347 - u, 2*t = -5*p + 389. Is t composite?
True
Suppose -3*f + 357 = -1554. Let b = f - 406. Suppose -3*h = -6*h + b. Is h a prime number?
False
Suppose -5*g = -6*g + 62. Is g prime?
False
Let t = -82 + 32. Let h = -152 - -67. Let s = t - h. Is s composite?
True
Let g(l) = 5*l**3 - 2*l - 1. Let t be g(-1). Let k be (30/t)/((-7)/(-28)). Let z = -17 - k. Is z a composite number?
False
Is 10 + -11 - (-10 + -1) a composite number?
True
Let b(i) = -i**3 - i**2 - 2*i + 191. Is b(0) a prime number?
True
Let z(h) = 3*h**2 - 4*h + 1. Is z(6) composite?
True
Let y(b) = -b**3 + 2*b**2 + 9*b + 5. Let t be y(-7). Suppose -4*w + 453 = -t. Is w a composite number?
True
Suppose 48 = -n - 321. Let a = -206 - n. Is a prime?
True
Let y be (1 - 1)/(2/1). Let n be ((y/(-1))/1)/2. Suppose n = -0*z - 2*z + 794. Is z a composite number?
False
Let i be 10*3/(-18)*-3. Suppose -5*g = -b - 3*b - 4354, -3*g = 2*b - 2608. Is g/25 - (-1)/i composite?
True
Suppose -3*p = 23 - 11. Is 1 + -4 + 134 + p prime?
True
Suppose 0 = -5*x + h + 398, -3*x + 381 = 4*h + 156. Is x prime?
True
Let p = 640 - 311. Is p a prime number?
False
Let t = -5 + 58. Is t prime?
True
Suppose -2*r - 14 = 2*d + d, -5*r = d + 22. Is (84/8)/(d/(-4)) composite?
True
Suppose x - 5*x = -3548. Is x prime?
True
Suppose 5*u - 5*t + t = 1128, -5*t = u - 214. Suppose -u = -4*g + 8. Is g a prime number?
False
Suppose 4*a - 5*j = 127, 14 = a - j - 18. Is a a composite number?
True
Let a(g) = 23*g**3 - g**2 + 4*g - 3. Suppose u + 0*u + 9 = 5*m, -2*u = -2. Is a(m) a composite number?
True
Suppose -134 - 25 = -3*z. Is z prime?
True
Suppose 3*l - 4072 = 3941. Is l composite?
False
Suppose -2 = -3*s - 2*k, -6*s - k = -s - 8. Is (22 + -10)/(s + 0) a composite number?
True
Let m be (-30)/35*14/(-4). Let k be (-201)/(-6) + (-1)/2. Suppose m*r + 0*r - k = 0. Is r a composite number?
False
Suppose 34 = 5*q + 2*y, 5*q + 11 = -3*y + 47. Let i(n) = n**3 - 5*n**2 - 7*n + 4. Let l be i(q). Is -25*(l + -1 - -2) a prime number?
False
Is 86*(-1 + 3 + -1) a composite number?
True
Let s be (-250)/(-6) - 3/(-9). Suppose -5*u + 12 = -8. Suppose 0 = u*j - j - s. Is j a composite number?
True
Is 15/(-20) + (-1694)/(-8) prime?
True
Let h(v) = -10*v - 11. Is h(-8) composite?
True
Is 4/(-16)*634*-2 a prime number?
True
Let u(h) = -201*h. Let g(i) be the third derivative of i**4/24 + i**2. Let k(j) = -134*g(j) - u(j). Is k(1) a composite number?
False
Let j = 1001 + -537. Suppose -142 + j = 2*i. Is i a composite number?
True
Let g(r) = 369*r**2 - 4*r. Is g(7) prime?
False
Suppose -6*x = -3*x - 453. Suppose -3*f + 4*t = t - 147, -3*f + 2*t = -x. Is f composite?
False
Let i be (-606)/14 - (-12)/42. Let h = i - -564. Is h composite?
False
Suppose 2*x - 355 = 7*x. Let d = 130 + x. Is d a prime number?
True
Let r = 76 + 183. Is r composite?
True
Let d be 28/20 + (-6)/(-10). Suppose 5*h - 23 = -d*i, 4*h + 12 = -4*i + 40. Let g = h - -8. Is g prime?
True
Let o = -7 - -12. Suppose 278 - 33 = o*n. Is n composite?
True
Let y be 0 - 3/(-3)*2. Let j be (-1 - -416) + y + -4. Suppose 28 = -5*l + j. Is l composite?
True
Suppose -g - 132 = y, -y + 0*y + 5*g - 114 = 0. Let h = 248 + y. Is h prime?
False
Let d be (-60)/18*(-6)/2. Suppose 0*b - d = -5*b. Suppose 2*l + 6*z - z = 229, -3*z = b*l - 239. Is l prime?
True
Suppose 0*t = -5*t + 25, -q = -t + 3. Suppose -v = q*d - 111, v + 2*d = 5*d + 121. Is v a composite number?
True
Suppose 48 = -2*u + 6*u. Suppose k + 4*v + 12 = 4*k, -4*v - u = 4*k. Suppose k = 4*d - 5*d + 25. Is d a composite number?
True
Let q(o) = 64*o**2 + 4*o - 2. Let a be q(3). Let g = a - 319. Is g a composite number?
True
Is -1147*1*(7 + -8) a prime number?
False
Is 14227/5 + 0 + (-26)/65 a prime number?
False
Suppose 2*w = 3*m - 339, 3*m - 5*w - 360 = -21. Is m a composite number?
False
Let t = -1098 + 605. Let o = -282 - t. Is o a composite number?
False
Let u = 11 + 51. Is u a composite number?
True
Suppose -711 = -4*x - 0*x - j, 3*j - 9 = 0. Is x composite?
True
Let j be (72/15)/2*-5. Let z be j/(-1 + (-1)/(-4)). Suppose 3*g - o - 43 - z = 0, -5*g = o - 93. Is g a prime number?
True
Let z(f) = -3*f**2 + 10*f - 12. Let k(w) = -2*w**2 + 9*w - 11. Let v(b) = 7*k(b) - 6*z(b). Suppose 0 = 5*m - 3*m - t + 5, -19 = 4*m + t. Is v(m) composite?
False
Is ((-46)/4)/((-7)/2954) composite?
True
Suppose 0 = -n + 6*n - 790. Suppose -2*i + n = -0*i. Is i a composite number?
False
Let w be (1 - 0)/(-4 - -3). Let t = 4 + w. Suppose -3*k + 327 = 2*i, t*k + i = -k + 436. Is k a prime number?
True
Suppose -4*d + 0*d + 3*u = -113, 2*u = -2*d + 74. Let t be d/4*6/(-8). Let m(i) = -i**3 - i**2 + 3*i + 5. Is m(t) a prime number?
True
Suppose 0*b + 18 = 2*b. Suppose -4*s = -129 + 133. Is (16 - b) + s + 0 prime?
False
Let s be (-2)/3 - 2/(-3). Suppose 5*x + x = 354. Suppose -m - 96 = -3*f, -f - f - m + x = s. Is f a prime number?
True
Suppose 203 + 131 = j. Is j a prime number?
False
Is -9 + 6 + (-238)/(-1) a composite number?
True
Let d = 12 + -23. Let t = d - -76. Is t composite?
True
Is 53/(-4)*(-3 - 1) a prime number?
True
Let t be 32/(-18) + 4/(-18). Is (-45 - 7)*t/4 a prime number?
False
Suppose 4*r - 1065 = -l, l + 5*r = -l + 2133. Is l prime?
True
Suppose 5*x = 22 - 2. Suppose -5*y - 4*h = -583, x*y + 0*y = -4*h + 468. Is y prime?
False
Let g(i) = i**2 - 7*i - 25. Is g(-10) prime?
False
Let v = -24 - -7. Let i = 124 + -84. Let t = v + i. Is t a composite number?
False
Let v = 53 - 3. Let q = 129 - v. Is q a composite number?
False
Let d(b) be the first derivative of 6*b**2 + 7*b - 3. Is d(4) composite?
True
Suppose f = -3*f + 20. Suppose -2*d + 4*d - 1138 = 3*w, -1106 = -2*d - f*w. Is d composite?
False
Let j be 2/(-5) + (-126)/(-15). Suppose 2 = 2*f - j. Suppose -2*y - 435 = -f*a + 30, 490 = 5*a + 3*y. Is a composite?
True
Let f = -2 - -6. Suppose f + 10 = 2*w. Is w prime?
True
Suppose 5*u - 2*b - 930 = -b, -4*b = 5*u - 955. Is u prime?
False
Let h = 7 + -12. Let b(n) = 0 - n**3 - 3*n - 3*n - 6*n**2 - 4 + 5. Is b(h) a prime number?
False
Suppose -57 = r + 3*z, -2*r = 2*r + 4*z + 196. Let k(b) = 17*b - 1. Let f be k(-1). Is 4/f + (-1180)/r a composite number?
True
Let n = -2 + -2. Is (-14)/(-56) - 843/n a composite number?
False
Suppose 2*d = 10, 27 = -2*z - 0*d + 5*d. Let r be ((-9)/(-6))/(z/8). Is 2/3 - 364/r a composite number?
False
Let y = 13 - 10. Let s = y - -130. Is s prime?
False
Let v(q) = -q**3 - q**2 + 4. Let